se 2) to base 12.
-83b49
2112010201121 (base 3) to base 12
548174
Convert -111101011000111100101100 (base 2) to base 13.
-3445c8c
297658 (base 10) to base 7
2346544
What is -10032032 (base 5) in base 3?
-11002002212
What is 463291 (base 11) in base 6?
23441105
Convert 12001211111 (base 3) to base 16.
185a7
What is 2204141 (base 9) in base 14?
22b6c6
What is 1110111021002 (base 3) in base 4?
2331301121
200a660 (base 12) to base 6
332220200
What is 10000000100101111110 (base 2) in base 3?
222202112002
What is -21405141 (base 6) in base 3?
-1012110020021
What is -20666161 (base 7) in base 16?
-1aec84
Convert -1720721 (base 9) to base 16.
-ea01c
7877604 (base 10) to base 9
15736033
-1828564 (base 9) to base 4
-3321310102
2544035 (base 7) to base 16
50a5f
-13431253 (base 6) to base 8
-1571061
1594658 (base 10) to base 11
99a0aa
-1001022211012 (base 3) to base 2
-10001000000111110011
-2310111213 (base 5) to base 12
-188a273
-10420214 (base 5) to base 10
-91934
What is -552701 (base 8) in base 3?
-100102212020
-b5bc01 (base 13) to base 8
-20163050
-2112317 (base 12) to base 10
-6245443
What is -15035732 (base 8) in base 10?
-3423194
Convert 352342 (base 8) to base 7.
1006645
242306 (base 8) to base 9
136040
-2a781 (base 11) to base 16
-aa08
What is -10111011111001100 (base 2) in base 5?
-11034304
-12211120201 (base 3) to base 15
-24087
Convert 390305 (base 10) to base 5.
44442210
What is -325414 (base 9) in base 12?
-944b7
Convert -6043653 (base 7) to base 4.
-2233000323
-2606483 (base 11) to base 15
-5e39e4
What is 31b398 (base 12) in base 4?
3000011210
Convert -44325 (base 6) to base 15.
-1c68
What is 231229 (base 10) in base 16?
3873d
Convert 12112212101112 (base 3) to base 5.
1223343233
Convert -7163620 (base 10) to base 15.
-96784a
What is 221203013 (base 4) in base 2?
101001100011000111
What is 95b0b4 (base 13) in base 11?
1a871a9
What is -314025510 (base 6) in base 10?
-5509266
-1d8a90 (base 14) to base 9
-1886708
What is -114403143 (base 6) in base 9?
-4078570
Convert -31c13a (base 15) to base 4.
-21002133322
Convert 4c015 (base 14) to base 13.
66c29
What is -100101100010100001 (base 2) in base 12?
-74b95
20b85a1 (base 12) to base 10
6214729
Convert -77733 (base 12) to base 10.
-158295
Convert 4204013 (base 5) to base 14.
1b350
Convert 92494 (base 12) to base 16.
2e930
What is 317a6 (base 12) in base 8?
177056
-21032110200 (base 4) to base 10
-2417952
Convert 147622 (base 8) to base 13.
1b257
1100001111000100 (base 2) to base 12
25004
What is 2104364 (base 7) in base 12?
102972
1000010000001110100 (base 2) to base 9
451882
Convert -12122212020 (base 3) to base 4.
-123031023
-33714541 (base 8) to base 16
-6f9961
-9a45b (base 13) to base 9
-465686
56131121 (base 7) to base 13
1009871
What is -4586100 (base 11) in base 10?
-8016734
What is -d041 (base 16) in base 11?
-37067
-69bc1 (base 15) to base 10
-336781
What is -1306151 (base 7) in base 15?
-35678
25630 (base 13) to base 6
1252104
Convert -7a18b5 (base 12) to base 6.
-105501545
Convert 22521546 (base 8) to base 5.
2223011434
What is -111021002330 (base 4) in base 7?
-65051441
Convert -da331 (base 14) to base 9.
-883507
What is 12b164 (base 12) in base 14?
80b36
What is 1001101101101000011011 (base 2) in base 16?
26da1b
What is -24305351 (base 6) in base 8?
-2741743
What is -52a9 (base 11) in base 5?
-211031
What is 23389aa (base 12) in base 4?
121323022102
Convert -555535540 (base 6) to base 11.
-5761625
Convert -12011111222 (base 3) to base 10.
-101708
1002210001001 (base 3) to base 7
4660606
10001111111010000011 (base 2) to base 4
2033322003
Convert 1321404 (base 5) to base 8.
63557
-415557 (base 8) to base 11
-94831
What is -3404220 (base 9) in base 8?
-6775217
14cb2b (base 13) to base 7
4236644
What is -1966435 (base 13) in base 5?
-4114304324
What is -4913175 (base 11) in base 13?
-1a06977
Convert 10011010110001110110001 (base 2) to base 10.
5071793
What is -231230232 (base 4) in base 16?
-2db2e
What is -177853 (base 10) in base 8?
-533275
What is 461a59 (base 12) in base 15?
172b06
Convert -100001101101101011101 (base 2) to base 4.
-10031231131
What is 2110034341 (base 5) in base 8?
20545577
Convert -10201201000122 (base 3) to base 13.
-5452a6
What is 28f107 (base 16) in base 2?
1010001111000100000111
What is 73ba (base 14) in base 6?
232224
Convert -211030110 (base 4) to base 14.
-3d736
-460514 (base 8) to base 14
-40bb6
Convert 3133000 (base 5) to base 4.
30300122
1c701 (base 14) to base 11
4a6a7
-2122011200 (base 3) to base 2
-1100101010101101
Convert -316528 (base 10) to base 2.
-1001101010001110000
-21000111021 (base 3) to base 8
-415633
4263465 (base 7) to base 3
222102011010
What is 5cdba (base 15) in base 10?
296725
Convert -842044 (base 9) to base 5.
-112001014
Convert -35b3c0 (base 13) to base 4.
-10320313222
102010111211 (base 3) to base 10
219073
2664095 (base 11) to base 5
2134241302
What is -2041024 (base 8) in base 3?
-1000111101121
-2535314 (base 9) to base 6
-45340451
What is -4a2c0 (base 14) in base 10?
-181664
What is 42545224 (base 6) in base 12?
508214
What is -302113150 (base 6) in base 2?
-10011100111010110111010
What is 10633356 (base 7) in base 9?
1671510
Convert -30221556 (base 9) to base 7.
-234042366
What is -20300b (base 15) in base 11?
-954747
12362132 (base 9) to base 6
333545432
What is 336401 (base 8) in base 16?
1bd01
Convert 18003551 (base 9) to base 14.
12b35b9
Convert 1120335 (base 11) to base 13.
53922a
What is 5744c1 (base 13) in base 11?
1191254
-311110123 (base 4) to base 7
-1566502
-10202100122 (base 4) to base 16
-12241a
3300a1 (base 12) to base 3
1112002111111
What is 135495 (base 15) in base 3?
1202012120112
What is -1131231223 (base 4) in base 16?
-5db6b
What is -254331 (base 6) in base 14?
-8567
134864 (base 10) to base 12
66068
What is 7578434 (base 10) in base 5?
3420002214
What is -11002102201 (base 3) in base 8?
-235172
Convert 50632 (base 10) to base 2.
1100010111001000
What is 30320201121 (base 4) in base 13?
91328a
What is -11244412 (base 6) in base 11?
-218797
Convert -2858b (base 13) to base 15.
-1763d
What is -65271 (base 13) in base 4?
-230213331
What is a6d40 (base 16) in base 10?
683328
2476a3 (base 11) to base 13
108b73
Convert -2715407 (base 8) to base 11.
-47a48a
What is 1001110100100011001110 (base 2) in base 6?
131103102
11002100011 (base 3) to base 11
55485
-1000001001010101001001 (base 2) to base 8
-10112511
-b3ba2 (base 12) to base 7
-1666043
What is -41236322 (base 8) in base 12?
-2b111aa
What is -5c433 (base 14) in base 5?
-24211322
-11202021002 (base 3) to base 5
-10443003
Convert 14a3a (base 14) to base 6.
1033552
514735 (base 9) to base 4
1022202221
-930a (base 16) to base 2
-1001001100001010
What is 1211033113 (base 4) in base 2?
1100101001111010111
Convert 3813429 (base 12) to base 9.
22577046
What is 1251544125 (base 6) in base 16?
e3c975
Convert -36403 (base 9) to base 10.
-24384
21221010100 (base 3) to base 7
1220043
Convert 26be7d (base 16) to base 10.
2539133
Convert 1017375 (base 8) to base 12.
110365
What is -228264 (base 10) in base 6?
-4520440
Convert 1056460 (base 8) to base 12.
119614
Convert 107056 (base 10) to base 5.
11411211
What is 8c2ba (base 16) in base 4?
2030022322
What is -1010111000010101101 (base 2) in base 3?
-200010001122
-200201122210200 (base 3) to base 15
-d19013
Convert 31222330 (base 4) to base 15.
118d1
ab0b1 (base 13) to base 7
2430363
-16249e (base 16) to base 10
-1451166
Convert 25a894 (base 13) to base 9.
1634615
What is -2002112210 (base 5) in base 4?
-33002102303
Convert 1bea (base 15) to base 5.
143240
What is 367339 (base 13) in base 14?
25c295
What is a4dd32 (base 15) in base 13?
1817bb2
-1129a00 (base 14) to base 12
-28a0600
What is 424345 (base 7) in base 6?
1324354
Convert -205452 (base 6) to base 12.
-9888
What is -181408 (base 9) in base 13?
-3c335
Convert -334254500 (base 6) to base 13.
-13522a1
52918 (base 10) to base 13
1b118
-443244 (base 5) to base 2
-11110001011001
What is -2094178 (base 12) in base 6?
-340053032
2274144 (base 8) to base 15
c3d64
What is 102322004 (base 5) in base 12?
18a52a
What is -1111011100000110 (base 2) in base 15?
-13b0d
Convert -24545504 (base 6) to base 15.
-109934
Convert 322211334 (base 5) to base 15.
1bed2e
What is 58364 (base